t(8). What are the prime factors of n(p)?
211
Suppose -88*c + 84*c = -4*n - 2140, 3*n = -2*c + 1065. What are the prime factors of c?
2, 3, 89
Suppose 10 = 3*i - 2. Suppose 0 = -4*p + i*w - 160, -p - 14 - 22 = -3*w. List the prime factors of (10/(-15))/(4/p).
7
Let v(p) = p**3 - 2*p**2 - 5*p + 3. Let u be v(4). Let d = -22 + u. Let j(i) = -3*i. List the prime factors of j(d).
3, 7
Let m = -1056 - -2142. List the prime factors of m.
2, 3, 181
Let m = -57 + 61. Suppose -a - 2*w + 12 - 2 = 0, 24 = 3*a + 3*w. Suppose -k = 3*j - 10 - a, 3*k = m*j + 87. List the prime factors of k.
5
Let c be ((-12)/3)/24*3*0. Suppose c = -4*x - 6*x + 700. List the prime factors of x.
2, 5, 7
Suppose 4*l - 3067 = 3*k, 5*l - 17*k + 14*k - 3830 = 0. What are the prime factors of l?
7, 109
Let g(n) = 2*n**2 - 2*n - 14. Let i be -2 - 5/5 - -14. What are the prime factors of g(i)?
2, 103
Let t be (-228)/(-6)*1 - 2. Suppose 7*h = 2*h - 600. What are the prime factors of h/t*18/(-4)?
3, 5
Suppose -3*y - 12 = 6. What are the prime factors of 200/60*y/(-1)?
2, 5
Let x = 13 - 4. Let b be ((-4)/(-1))/(-2) - -2. Let p = x - b. List the prime factors of p.
3
Suppose 5603 = 4*f - 6773. What are the prime factors of f?
2, 7, 13, 17
List the prime factors of (-1)/((-6)/24) - (-690)/3.
2, 3, 13
Suppose -p + 5*t + 1418 = 0, 2*p - 1979 = 3*t + 857. List the prime factors of p.
2, 709
Let h(j) = 29*j**2 - 3*j + 11. List the prime factors of h(9).
2333
Let v = 2186 + 1802. What are the prime factors of v?
2, 997
Suppose -4*z + 715 = a, 0*z = 2*a + z - 1451. What are the prime factors of a?
727
Let x be -8 - (0/4 - -4). Let u(d) = -d**3 - 11*d**2 + 13*d + 17. List the prime factors of u(x).
5
Suppose -1255 - 225 = -4*q + 5*o, -5*q = o - 1850. List the prime factors of q.
2, 5, 37
Let p(v) = 79*v**2 + 1. Suppose -3*x + 4 = 7. What are the prime factors of p(x)?
2, 5
Let j(r) = -r**3 - 2*r**2 - 19*r - 58. List the prime factors of j(-9).
2, 5, 17
Let s be ((-1)/(15/6))/((-4)/460). Let q = 71 + s. What are the prime factors of q?
3, 13
Let v(h) = h**2 + 14*h + 19. Let x be v(-10). Let g(o) = o**2 + 20*o + 21. List the prime factors of g(x).
2, 3, 7
Let r be (1/3)/((-2)/12). Suppose 0 = -5*s + 41 + 59. Let k = s + r. List the prime factors of k.
2, 3
Let c be 5/(-4)*40/(-2). Suppose 5*g + j = -4, -j = 4*g - 6*g + 4. Let z = c - g. What are the prime factors of z?
5
Let y(t) = 5*t + 12. Let c(s) = s**3 - 12*s**2 + s - 5. Let x be c(12). List the prime factors of y(x).
47
Suppose 2*z + 7 = 3*z. Let q(k) = 0 + 3 + 36*k + z - 11. List the prime factors of q(1).
5, 7
Let s = -152 - -69. Let k = 173 + s. List the prime factors of k.
2, 3, 5
Let p = -16 + 18. Suppose -n = -3*n - 2*d - 68, -4*n - 132 = p*d. Let g = n - -48. What are the prime factors of g?
2
List the prime factors of -3*(-4)/(-6)*(-3404)/8.
23, 37
Let d = 3522 - 70. List the prime factors of d.
2, 863
Suppose l = -f - 1, 0*l + 1 = 5*f - l. Suppose -2*y = 3*k - f*k - 24, -4 = 2*k. Let w = y + 23. List the prime factors of w.
2, 19
Suppose 0 = d - 5*f - 89, 5 + 252 = 3*d - 5*f. List the prime factors of d.
2, 3, 7
Let f be (-56)/(-26) - 4/26. Suppose 2*q - 5*q = f*o - 53, 3*q + o = 49. List the prime factors of q.
3, 5
Suppose 0 = w - 116 - 103. Suppose -3 = -3*s, w = 4*h - 0*s - 5*s. Suppose g = -3*g + h. List the prime factors of g.
2, 7
Let c(g) = -g**3 + 15*g**2 - 7*g + 7. List the prime factors of c(10).
19, 23
List the prime factors of (324688/(-63))/(-8) + 2/(-9).
2, 7, 23
Let m(j) = -j**2 + 1. Let s(p) = p**3 - p**2 - 3. Let g(y) = 6*m(y) + s(y). Let t be g(7). Suppose 2*a - t = 5. List the prime factors of a.
2
Let d be 5/25 + (-152)/10. Let g = 26 + d. Suppose -14 = -g*w + 10*w. What are the prime factors of w?
2, 7
Suppose 408*a + 560 = 410*a. List the prime factors of a.
2, 5, 7
Let d be (-1113)/14*(-1 + (-38)/6). Let b = d - 380. List the prime factors of b.
7, 29
Suppose 0 = 112*a - 23589 - 413323. What are the prime factors of a?
47, 83
Suppose 4*w - 5*t - 2928 = 0, 3*w - 3*t - 847 = 1346. List the prime factors of w.
727
Suppose 4*g = 3*t + 6795 + 1961, 3*t = 2*g - 4384. List the prime factors of g.
2, 1093
Let t = -31 + 246. What are the prime factors of t?
5, 43
Let r be -4 + 2 + 20/4. Suppose 12 + r = -3*m. Let f = 46 - m. What are the prime factors of f?
3, 17
Let p(h) be the third derivative of 5*h**3 + 0*h - 3*h**2 + 1/60*h**5 + 1/24*h**4 - 1/120*h**6 + 0. What are the prime factors of p(0)?
2, 3, 5
Let g(d) be the third derivative of -d**6/120 + d**5/15 + 7*d**4/24 - 5*d**3/6 + 3*d**2. Let t be g(5). Suppose -34 = -t*k + 6. List the prime factors of k.
2
Suppose -7666 = -13*k + 7336. What are the prime factors of k?
2, 577
Let q = 49 - 54. What are the prime factors of 1/3 - (1560/(-18) + q)?
2, 23
What are the prime factors of 4*(-1714)/12*66/(-44)?
857
Suppose 0 = -2*b - 1 - 3. Let x(m) = 3*m**2 + 3*m + 1. Let f(y) = y**2 - y - 1. Let l(v) = b*f(v) + x(v). What are the prime factors of l(-6)?
3
Suppose -v - r - 19 + 89 = 0, -5*v - r + 358 = 0. List the prime factors of v.
2, 3
Suppose 2*k - 3*k + 5 = 0. Suppose 4*r - 212 = -n - n, 0 = 4*n + k*r - 424. What are the prime factors of n?
2, 53
Let m = 26 - 24. Suppose m*j - 9 = 87. List the prime factors of j.
2, 3
Suppose 0*s - 1192 = -4*s. List the prime factors of s.
2, 149
Let z be ((-6)/(-9))/((-8)/156). Let d = -12 - z. List the prime factors of 4 + (2/(-1))/d.
2
Let q = -69 - -79. Suppose 4*g = 4*w + 300, 2*w + q = -0*w. What are the prime factors of g?
2, 5, 7
Let f(k) = -k**3 + 2*k**2 + 5*k - 3. Let l be f(-5). Suppose 0 = -5*o + l + 198. List the prime factors of o.
3, 23
Let r(b) = 2*b**2 + 50*b - 603. What are the prime factors of r(-53)?
5, 11, 43
Let d = 71 + -32. Let h = d + -17. What are the prime factors of h?
2, 11
Let n be 750/25*1/2. Suppose 4*t - n = -a + 90, 5*a - 3*t = 594. List the prime factors of a.
3, 13
Let d(p) = -39*p - 21. Let n be d(-10). Let g = n - 245. What are the prime factors of g?
2, 31
Let a(s) = 7*s + 13. Let b(z) = 8*z + 15. Let f(l) = 2*a(l) - 3*b(l). Suppose 0 = -3*r - 2*i - 15, 0*i = i - 3. What are the prime factors of f(r)?
3, 17
Suppose -2273 = -5*o - 398. Let v = -251 + o. Suppose -6*a = -2*a - v. List the prime factors of a.
31
Suppose -484 - 554 = -2*t - 4*a, -4 = -a. What are the prime factors of t?
7, 73
Let c(f) = f**2 - 15*f - 12. Let q be c(10). Let v = -163 + 278. Let s = v + q. What are the prime factors of s?
53
Let h = 1 + 5. Suppose 3*n + 63 = h*n. List the prime factors of n.
3, 7
Let p(w) = -83*w**3 - 4*w**2 - w + 5. What are the prime factors of p(-2)?
5, 131
Suppose -f = 2*o - 1596, 5*o - 3*f - 5926 = -1925. What are the prime factors of o?
17, 47
Suppose -22*v + 17*v + 6185 = 0. List the prime factors of v.
1237
List the prime factors of (-1)/((-3868)/21032 + (-2)/(-11)).
2, 239
What are the prime factors of 2 + -334*(-15)/10?
503
Suppose -6*h + 10*h + 68 = 0. Let b = h - -27. What are the prime factors of b?
2, 5
Let c(q) = -59*q**3 - 3*q + 1. List the prime factors of c(-2).
479
Let i = -419 + 595. List the prime factors of i.
2, 11
Let l = 774 - 309. What are the prime factors of l?
3, 5, 31
List the prime factors of (-2)/(-5) - 10/((-700)/42182).
3, 67
Suppose -4*c - 2 = -2*g, 4*g - 28 = -4*c - 0*g. List the prime factors of (c/3)/(3/288).
2
Let x(g) = 10*g**3 + 2*g**2 - 2*g + 1. Let r be x(1). Let a be (4 + -3 - 1) + r. Suppose -6*h - 225 = -a*h. What are the prime factors of h?
3, 5
Let r(p) = -p**3 + 5*p**2 - 2*p - 2. Let c be r(3). Let u = c - 3. Let m = 41 - u. What are the prime factors of m?
2, 17
Let k(w) = 55*w**3 + w**2 - w - 2. Let r be k(-1). Let t = -30 - r. Suppose t = -4*p + 113. What are the prime factors of p?
2, 11
Let g(f) = -2*f**3 + 17*f**2 + 14*f. What are the prime factors of g(8)?
2, 11
List the prime factors of (-2)/10 + (-167340)/(-75).
23, 97
Let p = 12 - 7. Suppose 4*t = p*c + 88, 5*c + 37 = -3*t + 4*t. List the prime factors of (-6)/2 - (2 - t).
2, 3
Let g(x) = 193*x - 22. List the prime factors of g(5).
23, 41
Let z(s) = 385*s - 11. What are the prime factors of z(1)?
2, 11, 17
Let c = -1 + 3240. List the prime factors of c.
41, 79
Suppose -z - 5*a = -0*a - 38, -4*z + 3*a + 37 = 0. Let j = z + -46. Let f = j - -62. What are the prime factors of f?
29
Let p(x) b